4
What is the remainder when 44647 is divided by 44607?
40
Calculate the remainder when 2829 is divided by 469.
15
Calculate the remainder when 3516237 is divided by 1040.
1037
What is the remainder when 463 is divided by 90?
13
What is the remainder when 68090 is divided by 116?
114
Calculate the remainder when 70300 is divided by 83.
82
What is the remainder when 3438 is divided by 686?
8
What is the remainder when 114882 is divided by 19146?
6
What is the remainder when 59315 is divided by 19743?
86
Calculate the remainder when 12440 is divided by 46.
20
What is the remainder when 58789 is divided by 32?
5
What is the remainder when 44205 is divided by 23?
22
What is the remainder when 2141 is divided by 108?
89
What is the remainder when 1161 is divided by 161?
34
Calculate the remainder when 5236 is divided by 235.
66
Calculate the remainder when 523 is divided by 35.
33
Calculate the remainder when 9364 is divided by 14.
12
What is the remainder when 534 is divided by 455?
79
What is the remainder when 2870 is divided by 20?
10
Calculate the remainder when 161887 is divided by 53959.
10
What is the remainder when 298796 is divided by 191?
72
Calculate the remainder when 27439 is divided by 188.
179
What is the remainder when 185212 is divided by 2537?
11
Calculate the remainder when 253437 is divided by 160.
157
Calculate the remainder when 944239 is divided by 21.
16
Calculate the remainder when 4156 is divided by 64.
60
What is the remainder when 18753 is divided by 224?
161
What is the remainder when 2505 is divided by 21?
6
Calculate the remainder when 11227 is divided by 3412.
991
What is the remainder when 23117 is divided by 22?
17
What is the remainder when 155408 is divided by 1126?
20
What is the remainder when 311806 is divided by 56?
54
What is the remainder when 44246 is divided by 14743?
17
What is the remainder when 4692 is divided by 1044?
516
Calculate the remainder when 3609 is divided by 82.
1
What is the remainder when 1098 is divided by 135?
18
What is the remainder when 39382 is divided by 39356?
26
What is the remainder when 495519 is divided by 163?
162
What is the remainder when 8151 is divided by 4066?
19
What is the remainder when 64390 is divided by 297?
238
Calculate the remainder when 315659 is divided by 26299.
71
What is the remainder when 15658 is divided by 56?
34
Calculate the remainder when 64236 is divided by 22.
18
What is the remainder when 52794 is divided by 17586?
36
Calculate the remainder when 12489 is divided by 432.
393
What is the remainder when 5883 is divided by 41?
20
Calculate the remainder when 14727 is divided by 13.
11
Calculate the remainder when 733 is divided by 1.
0
Calculate the remainder when 39083 is divided by 653.
556
What is the remainder when 30077 is divided by 1428?
89
Calculate the remainder when 309149 is divided by 1108.
17
Calculate the remainder when 1550 is divided by 496.
62
What is the remainder when 98655 is divided by 16?
15
What is the remainder when 64128 is divided by 22?
20
What is the remainder when 5729071 is divided by 179?
176
What is the remainder when 56389 is divided by 53?
50
What is the remainder when 114197 is divided by 21?
20
What is the remainder when 12909 is divided by 48?
45
Calculate the remainder when 4553 is divided by 2268.
17
What is the remainder when 9510 is divided by 11?
6
What is the remainder when 3028 is divided by 258?
190
What is the remainder when 4448 is divided by 65?
28
What is the remainder when 2820 is divided by 28?
20
What is the remainder when 1027647 is divided by 64?
63
Calculate the remainder when 9964 is divided by 595.
444
Calculate the remainder when 3619 is divided by 113.
3
What is the remainder when 222026 is divided by 109?
102
Calculate the remainder when 5543 is divided by 42.
41
Calculate the remainder when 317 is divided by 66.
53
Calculate the remainder when 2196 is divided by 1852.
344
Calculate the remainder when 47239 is divided by 3374.
3
What is the remainder when 27776 is divided by 80?
16
What is the remainder when 6756 is divided by 20?
16
Calculate the remainder when 14787 is divided by 102.
99
Calculate the remainder when 12397 is divided by 730.
717
Calculate the remainder when 26794 is divided by 1276.
1274
Calculate the remainder when 5562 is divided by 1741.
339
Calculate the remainder when 16987 is divided by 15.
7
Calculate the remainder when 67544 is divided by 1648.
1624
What is the remainder when 1477 is divided by 463?
88
What is the remainder when 46410 is divided by 191?
188
What is the remainder when 26918 is divided by 1283?
1258
Calculate the remainder when 25767 is divided by 98.
91
Calculate the remainder when 62793 is divided by 20928.
9
Calculate the remainder when 47570 is divided by 28.
26
What is the remainder when 92837 is divided by 8?
5
What is the remainder when 12738 is divided by 4?
2
Calculate the remainder when 63600 is divided by 77.
75
What is the remainder when 113577 is divided by 931?
926
Calculate the remainder when 47237 is divided by 47230.
7
What is the remainder when 149 is divided by 34?
13
What is the remainder when 6873 is divided by 33?
9
Calculate the remainder when 347233 is divided by 85.
8
Calculate the remainder when 53037 is divided by 289.
150
Calculate the remainder when 15888 is divided by 518.
348
What is the remainder when 11828 is divided by 658?
642
What is the remainder when 2841155 is divided by 972?
971
What is the remainder when 2267 is divided by 22?
1
What is the remainder when 4103 is divided by 103?
86
Calculate the remainder when 3559 is divided by 1754.
51
What is the remainder when 23029 is divided by 885?
19
What is the remainder when 34043 is divided by 16655?
733
What is the remainder when 120037 is divided by 51?
34
What is the remainder when 230776 is divided by 25640?
16
Calculate the remainder when 90616 is divided by 31.
3
Calculate the remainder when 8326 is divided by 1888.
774
What is the remainder when 765 is divided by 195?
180
Calculate the remainder when 20363 is divided by 2018.
183
Calculate the remainder when 6800 is divided by 140.
80
Calculate the remainder when 37430 is divided by 407.
393
What is the remainder when 1105221 is divided by 422?
3
Calculate the remainder when 1745 is divided by 832.
81
What is the remainder when 60343 is divided by 13?
10
Calculate the remainder when 238959 is divided by 90.
9
What is the remainder when 2768 is divided by 81?
14
Calculate the remainder when 432431 is divided by 108103.
19
Calculate the remainder when 357983 is divided by 66.
65
What is the remainder when 18456 is divided by 323?
45
What is the remainder when 1390956 is divided by 131?
129
Calculate the remainder when 233085 is divided by 24.
21
Calculate the remainder when 27291 is divided by 6808.
59
Calculate the remainder when 53594 is divided by 1678.
1576
What is the remainder when 215079 is divided by 38?
37
What is the remainder when 86769 is divided by 239?
12
Calculate the remainder when 1181348 is divided by 117.
116
What is the remainder when 246004 is divided by 123?
4
What is the remainder when 3591 is divided by 445?
31
What is the remainder when 40382 is divided by 35?
27
Calculate the remainder when 463 is divided by 298.
165
Calculate the remainder when 217886 is divided by 17.
14
Calculate the remainder when 9727 is divided by 2.
1
What is the remainder when 4553 is divided by 45?
8
Calculate the remainder when 49060 is divided by 174.
166
What is the remainder when 132758 is divided by 1702?
2
What is the remainder when 198326 is divided by 5219?
4
Calculate the remainder when 4975 is divided by 272.
79
Calculate the remainder when 11688 is divided by 492.
372
What is the remainder when 1367133 is divided by 265?
263
What is the remainder when 40277 is divided by 875?
27
Calculate the remainder when 403 is divided by 103.
94
What is the remainder when 62476 is divided by 209?
194
What is the remainder when 127682 is divided by 25536?
2
What is the remainder when 3661 is divided by 1796?
69
Calculate the remainder when 26239 is divided by 1275.
739
What is the remainder when 3581 is divided by 144?
125
Calculate the remainder when 67 is divided by 4.
3
What is the remainder when 1401 is d